{"id":1635,"date":"2017-02-13T12:25:10","date_gmt":"2017-02-13T11:25:10","guid":{"rendered":"http:\/\/arial-industries.com\/?page_id=1635"},"modified":"2018-01-18T09:11:39","modified_gmt":"2018-01-18T08:11:39","slug":"chronology","status":"publish","type":"page","link":"https:\/\/arial-industries.com\/index.php\/en\/chronology","title":{"rendered":"Chronology"},"content":{"rendered":"<div class=\"fusion-fullwidth fullwidth-box fusion-builder-row-1 hundred-percent-fullwidth non-hundred-percent-height-scrolling\" style=\"--awb-border-radius-top-left:0px;--awb-border-radius-top-right:0px;--awb-border-radius-bottom-right:0px;--awb-border-radius-bottom-left:0px;--awb-padding-top:20px;--awb-padding-bottom:20px;--awb-flex-wrap:wrap;\" ><div class=\"fusion-builder-row fusion-row\"><div class=\"fusion-layout-column fusion_builder_column fusion-builder-column-0 fusion_builder_column_1_1 1_1 fusion-one-full fusion-column-first fusion-column-last\" style=\"--awb-bg-size:cover;\"><div class=\"fusion-column-wrapper fusion-flex-column-wrapper-legacy\"><div class=\"fusion-title title fusion-title-1 fusion-sep-none fusion-title-text fusion-title-size-one\"><h1 class=\"fusion-title-heading title-heading-left fusion-responsive-typography-calculated\" style=\"margin:0;--fontSize:60;line-height:1.33;\"><span style=\"color: #1e69b2;\">Chronology<\/span><\/h1><\/div><div class=\"fusion-image-element fusion-image-align-center in-legacy-container\" style=\"text-align:center;--awb-caption-title-font-family:var(--h2_typography-font-family);--awb-caption-title-font-weight:var(--h2_typography-font-weight);--awb-caption-title-font-style:var(--h2_typography-font-style);--awb-caption-title-size:var(--h2_typography-font-size);--awb-caption-title-transform:var(--h2_typography-text-transform);--awb-caption-title-line-height:var(--h2_typography-line-height);--awb-caption-title-letter-spacing:var(--h2_typography-letter-spacing);\"><div class=\"imageframe-align-center\"><span class=\" fusion-imageframe imageframe-none imageframe-1 hover-type-none\"><a href=\"http:\/\/arial-industries.com\/wp-content\/uploads\/2017\/02\/timelineccc-R\u00e9cup\u00e9r\u00e9-copie1-1.jpg\" class=\"fusion-lightbox\" data-rel=\"iLightbox[92b78d580d3814bba58]\" data-title=\"timelineccc-R\u00e9cup\u00e9r\u00e9-copie1\" title=\"timelineccc-R\u00e9cup\u00e9r\u00e9-copie1\"><img decoding=\"async\" width=\"1680\" height=\"821\" src=\"http:\/\/arial-industries.com\/wp-content\/uploads\/2017\/02\/timelineccc-R\u00e9cup\u00e9r\u00e9-copie1-1.jpg\" alt class=\"img-responsive wp-image-1636\" srcset=\"https:\/\/arial-industries.com\/wp-content\/uploads\/2017\/02\/timelineccc-R\u00e9cup\u00e9r\u00e9-copie1-1-200x98.jpg 200w, https:\/\/arial-industries.com\/wp-content\/uploads\/2017\/02\/timelineccc-R\u00e9cup\u00e9r\u00e9-copie1-1-400x195.jpg 400w, https:\/\/arial-industries.com\/wp-content\/uploads\/2017\/02\/timelineccc-R\u00e9cup\u00e9r\u00e9-copie1-1-600x293.jpg 600w, https:\/\/arial-industries.com\/wp-content\/uploads\/2017\/02\/timelineccc-R\u00e9cup\u00e9r\u00e9-copie1-1-800x391.jpg 800w, https:\/\/arial-industries.com\/wp-content\/uploads\/2017\/02\/timelineccc-R\u00e9cup\u00e9r\u00e9-copie1-1-1200x586.jpg 1200w, https:\/\/arial-industries.com\/wp-content\/uploads\/2017\/02\/timelineccc-R\u00e9cup\u00e9r\u00e9-copie1-1.jpg 1680w\" sizes=\"(max-width: 800px) 100vw, 1680px\" \/><\/a><\/span><\/div><\/div><div class=\"fusion-clearfix\"><\/div><\/div><\/div><\/div><\/div>\n","protected":false},"excerpt":{"rendered":"","protected":false},"author":1,"featured_media":0,"parent":0,"menu_order":0,"comment_status":"closed","ping_status":"closed","template":"","meta":[],"_links":{"self":[{"href":"https:\/\/arial-industries.com\/index.php\/wp-json\/wp\/v2\/pages\/1635"}],"collection":[{"href":"https:\/\/arial-industries.com\/index.php\/wp-json\/wp\/v2\/pages"}],"about":[{"href":"https:\/\/arial-industries.com\/index.php\/wp-json\/wp\/v2\/types\/page"}],"author":[{"embeddable":true,"href":"https:\/\/arial-industries.com\/index.php\/wp-json\/wp\/v2\/users\/1"}],"replies":[{"embeddable":true,"href":"https:\/\/arial-industries.com\/index.php\/wp-json\/wp\/v2\/comments?post=1635"}],"version-history":[{"count":1,"href":"https:\/\/arial-industries.com\/index.php\/wp-json\/wp\/v2\/pages\/1635\/revisions"}],"predecessor-version":[{"id":1637,"href":"https:\/\/arial-industries.com\/index.php\/wp-json\/wp\/v2\/pages\/1635\/revisions\/1637"}],"wp:attachment":[{"href":"https:\/\/arial-industries.com\/index.php\/wp-json\/wp\/v2\/media?parent=1635"}],"curies":[{"name":"wp","href":"https:\/\/api.w.org\/{rel}","templated":true}]}}