{"id":11,"date":"2015-02-10T19:21:34","date_gmt":"2015-02-10T19:21:34","guid":{"rendered":"http:\/\/avada.theme-fusion.com_demos\/architecture\/?page_id=11"},"modified":"2018-01-12T13:30:18","modified_gmt":"2018-01-12T12:30:18","slug":"services","status":"publish","type":"page","link":"https:\/\/arial-industries.com\/index.php\/services","title":{"rendered":"Activit\u00e9s"},"content":{"rendered":"<p><div class=\"fusion-fullwidth fullwidth-box fusion-builder-row-1 fusion-parallax-none container-target-ancre nonhundred-percent-fullwidth non-hundred-percent-height-scrolling\" style=\"--awb-background-position:left bottom;--awb-border-color:transparent;--awb-border-radius-top-left:0px;--awb-border-radius-top-right:0px;--awb-border-radius-bottom-right:0px;--awb-border-radius-bottom-left:0px;--awb-padding-top:15px;--awb-padding-bottom:15px;--awb-background-image:url(&quot;http:\/\/arial-industries.com\/wp-content\/uploads\/2015\/02\/web02.jpg&quot;);--awb-background-size:cover;--awb-flex-wrap:wrap;\" ><div class=\"fusion-builder-row fusion-row\"><div class=\"fusion-layout-column fusion_builder_column fusion-builder-column-0 fusion_builder_column_1_1 1_1 fusion-one-full fusion-column-first fusion-column-last fusion-column-no-min-height\" style=\"--awb-bg-size:cover;--awb-margin-bottom:0px;\"><div class=\"fusion-column-wrapper fusion-flex-column-wrapper-legacy\"><div class=\"fusion-text fusion-text-1\"><h4><a class=\"target-ancre\" href=\"#energie\"><span style=\"color: #ffffff; font-size: 30px; letter-spacing: 2px;\">\u00c9nergie<\/span><\/a><\/h4>\n<\/div><div class=\"fusion-clearfix\"><\/div><\/div><\/div><\/div><\/div><div class=\"fusion-fullwidth fullwidth-box fusion-builder-row-2 fusion-parallax-none container-target-ancre nonhundred-percent-fullwidth non-hundred-percent-height-scrolling\" style=\"--awb-background-position:left center;--awb-border-color:transparent;--awb-border-radius-top-left:0px;--awb-border-radius-top-right:0px;--awb-border-radius-bottom-right:0px;--awb-border-radius-bottom-left:0px;--awb-padding-top:15px;--awb-padding-bottom:15px;--awb-background-image:url(&quot;http:\/\/arial-industries.com\/wp-content\/uploads\/2015\/02\/web03.jpg&quot;);--awb-background-size:cover;--awb-border-sizes-top:0px;--awb-border-sizes-bottom:0px;--awb-flex-wrap:wrap;\" ><div class=\"fusion-builder-row fusion-row\"><div class=\"fusion-layout-column fusion_builder_column fusion-builder-column-1 fusion_builder_column_1_1 1_1 fusion-one-full fusion-column-first fusion-column-last fusion-column-no-min-height\" style=\"--awb-bg-size:cover;--awb-margin-bottom:0px;\"><div class=\"fusion-column-wrapper fusion-flex-column-wrapper-legacy\"><div class=\"fusion-text fusion-text-2\"><h4><a class=\"target-ancre\" href=\"#aeronautique\"><span style=\"color: #1e69b2; font-size: 30px; letter-spacing: 2px;\">A\u00e9ronautique<\/span><\/a><\/h4>\n<\/div><div class=\"fusion-clearfix\"><\/div><\/div><\/div><\/div><\/div><div class=\"fusion-fullwidth fullwidth-box fusion-builder-row-3 fusion-parallax-none container-target-ancre nonhundred-percent-fullwidth non-hundred-percent-height-scrolling\" style=\"--awb-border-color:transparent;--awb-border-radius-top-left:0px;--awb-border-radius-top-right:0px;--awb-border-radius-bottom-right:0px;--awb-border-radius-bottom-left:0px;--awb-padding-top:15px;--awb-padding-bottom:15px;--awb-background-image:url(&quot;http:\/\/arial-industries.com\/wp-content\/uploads\/2015\/02\/web04.jpg&quot;);--awb-background-size:cover;--awb-border-sizes-top:0px;--awb-border-sizes-bottom:0px;--awb-flex-wrap:wrap;\" ><div class=\"fusion-builder-row fusion-row\"><div class=\"fusion-layout-column fusion_builder_column fusion-builder-column-2 fusion_builder_column_1_1 1_1 fusion-one-full fusion-column-first fusion-column-last fusion-column-no-min-height\" style=\"--awb-bg-size:cover;--awb-margin-bottom:0px;\"><div class=\"fusion-column-wrapper fusion-flex-column-wrapper-legacy\"><div class=\"fusion-text fusion-text-3\"><h4><a class=\"target-ancre\" href=\"#spatial\"><span style=\"color: #ffffff; font-size: 30px; letter-spacing: 2px;\">Spatial<\/span><\/a><\/h4>\n<\/div><div class=\"fusion-clearfix\"><\/div><\/div><\/div><\/div><\/div><div class=\"fusion-fullwidth fullwidth-box fusion-builder-row-4 fusion-parallax-none container-target-ancre nonhundred-percent-fullwidth non-hundred-percent-height-scrolling\" style=\"--awb-background-position:center bottom;--awb-border-color:transparent;--awb-border-radius-top-left:0px;--awb-border-radius-top-right:0px;--awb-border-radius-bottom-right:0px;--awb-border-radius-bottom-left:0px;--awb-padding-top:15px;--awb-padding-bottom:15px;--awb-background-image:url(&quot;http:\/\/arial-industries.com\/wp-content\/uploads\/2015\/02\/web05.jpg&quot;);--awb-background-size:cover;--awb-border-sizes-top:0px;--awb-border-sizes-bottom:0px;--awb-flex-wrap:wrap;\" ><div class=\"fusion-builder-row fusion-row\"><div class=\"fusion-layout-column fusion_builder_column fusion-builder-column-3 fusion_builder_column_1_1 1_1 fusion-one-full fusion-column-first fusion-column-last fusion-column-no-min-height\" style=\"--awb-bg-size:cover;--awb-margin-bottom:0px;\"><div class=\"fusion-column-wrapper fusion-flex-column-wrapper-legacy\"><div class=\"fusion-text fusion-text-4\"><h4><a class=\"target-ancre\" href=\"#transport\"><span style=\"color: #1e69b2; font-size: 30px; letter-spacing: 2px;\">Transports<\/span><\/a><\/h4>\n<\/div><div class=\"fusion-clearfix\"><\/div><\/div><\/div><\/div><\/div><div class=\"fusion-fullwidth fullwidth-box fusion-builder-row-5 nonhundred-percent-fullwidth non-hundred-percent-height-scrolling\" style=\"--awb-border-radius-top-left:0px;--awb-border-radius-top-right:0px;--awb-border-radius-bottom-right:0px;--awb-border-radius-bottom-left:0px;--awb-padding-top:20px;--awb-padding-bottom:20px;--awb-flex-wrap:wrap;\" ><div class=\"fusion-builder-row fusion-row\"><div class=\"fusion-layout-column fusion_builder_column fusion-builder-column-4 fusion_builder_column_1_1 1_1 fusion-one-full fusion-column-first fusion-column-last fusion-column-no-min-height\" style=\"--awb-bg-size:cover;--awb-margin-bottom:0px;\" id=\"energie\"><div class=\"fusion-column-wrapper fusion-flex-column-wrapper-legacy\"><div class=\"fusion-text fusion-text-5\"><h3><strong><u>Energie <\/u><\/strong><\/h3>\n<p style=\"text-align: justify;\"><span style=\"color: #1e69b2;\">ARIAL Industries est le partenaire de grands projets industriels dans le domaine de l\u2019\u00e9nergie :<\/span><\/p>\n<p style=\"text-align: justify;\"><span style=\"color: #1e69b2;\">\u2013 Fission Nucl\u00e9aire<\/span><br \/>\n<span style=\"color: #1e69b2;\"> \u2013 Fusion Nucl\u00e9aire<\/span><br \/>\n<span style=\"color: #1e69b2;\"> \u2013 L\u2019O<em>il & Gas<\/em><\/span><br \/>\n<span style=\"color: #1e69b2;\"> <em>\u2013 Les \u00e9nergies renouvelables<\/em><\/span><\/p>\n<p style=\"text-align: justify;\"><span style=\"color: #1e69b2;\">ARIAL Industries est notamment impliqu\u00e9 dans les projets d\u2019innovation et exp\u00e9rimentaux de la fusion nucl\u00e9aire avec un r\u00e9f\u00e9rencement sur les activit\u00e9s de support en ing\u00e9nierie pour ITER et F4E<\/span><\/p>\n<p><img decoding=\"async\" class=\"alignnone size-full wp-image-1041\" src=\"http:\/\/arial-industries.com\/wp-content\/uploads\/2017\/02\/iter-logo.jpg\" alt=\"iter-logo\" width=\"89\" height=\"55\" \/> <img decoding=\"async\" class=\"alignnone size-full wp-image-1039\" src=\"http:\/\/arial-industries.com\/wp-content\/uploads\/2017\/02\/fusion.jpg\" alt=\"fusion\" width=\"95\" height=\"43\" \/><\/p>\n<p style=\"text-align: justify;\"><span style=\"color: #1e69b2;\">ARIAL s\u2019investit parall\u00e8lement dans le projet ELYSE.<\/span><\/p>\n<p style=\"text-align: justify;\"><span style=\"color: #1e69b2;\">ELYSE est un bailleur de proc\u00e9d\u00e9s pour la construction d\u2019une usine pilote de retraitement des d\u00e9chets industriels par Incin\u00e9ration sous vide<\/span><br \/>\n<img decoding=\"async\" class=\"alignnone size-full wp-image-1065\" src=\"http:\/\/arial-industries.com\/wp-content\/uploads\/2015\/02\/logo-elyse.jpg\" alt=\"logo-elyse\" width=\"292\" height=\"163\" srcset=\"https:\/\/arial-industries.com\/wp-content\/uploads\/2015\/02\/logo-elyse-200x112.jpg 200w, https:\/\/arial-industries.com\/wp-content\/uploads\/2015\/02\/logo-elyse.jpg 292w\" sizes=\"(max-width: 292px) 100vw, 292px\" \/><\/p>\n<p style=\"text-align: justify;\"><span style=\"color: #1e69b2;\">ARIAL dispose de comp\u00e9tences d\u00e9di\u00e9es au domaine de l\u2019\u00e9nergie en :<\/span><\/p>\n<ul>\n<li style=\"text-align: justify;\"><span style=\"color: #1e69b2;\">Conception m\u00e9canique (CATIA V5, CREO, Autocad, Solidwork)<\/span><\/li>\n<li style=\"text-align: justify;\"><span style=\"color: #1e69b2;\">Installation g\u00e9n\u00e9rale (Catia V5 Equipment & Systems, PDMS, PDS, REVIT, ISOGEN, Autocad)<\/span><\/li>\n<li style=\"text-align: justify;\"><span style=\"color: #1e69b2;\">Calculs de structure (CODAP, ASME, CM66, EUROCODES, RCC-M\/MR)<\/span><\/li>\n<li style=\"text-align: justify;\"><span style=\"color: #1e69b2;\">Sch\u00e9matique et P&ID (SEE Xp, SEE VISIO, SSD, AUTOCAD)<\/span><\/li>\n<li style=\"text-align: justify;\"><span style=\"color: #1e69b2;\">Suivi de projet \/ suivi de chantier<\/span><\/li>\n<li style=\"text-align: justify;\"><span style=\"color: #1e69b2;\">Outillages en Prestation Globale<\/span><\/li>\n<li style=\"text-align: justify;\"><span style=\"color: #1e69b2;\">Maintenance<\/span><\/li>\n<li style=\"text-align: justify;\"><span style=\"color: #1e69b2;\">Fabrication<\/span><\/li>\n<li style=\"text-align: justify;\"><span style=\"color: #1e69b2;\">M\u00e9trologie et scan 3D<\/span><\/li>\n<\/ul>\n<\/div><div class=\"fusion-image-element fusion-image-align-center in-legacy-container\" style=\"text-align:center;--awb-caption-title-font-family:var(--h2_typography-font-family);--awb-caption-title-font-weight:var(--h2_typography-font-weight);--awb-caption-title-font-style:var(--h2_typography-font-style);--awb-caption-title-size:var(--h2_typography-font-size);--awb-caption-title-transform:var(--h2_typography-text-transform);--awb-caption-title-line-height:var(--h2_typography-line-height);--awb-caption-title-letter-spacing:var(--h2_typography-letter-spacing);\"><div class=\"imageframe-align-center\"><span class=\" fusion-imageframe imageframe-none imageframe-1 hover-type-none\"><img decoding=\"async\" width=\"650\" height=\"470\" title=\"Solar energy panels before a nuclear power plant and wind turbines at sunset\" src=\"http:\/\/arial-industries.com\/wp-content\/uploads\/2015\/06\/energie-e1494431414982.jpg\" alt class=\"img-responsive wp-image-1139\"\/><\/span><\/div><\/div><div class=\"fusion-clearfix\"><\/div><\/div><\/div><\/div><\/div><div class=\"fusion-fullwidth fullwidth-box fusion-builder-row-6 nonhundred-percent-fullwidth non-hundred-percent-height-scrolling\" style=\"--awb-border-radius-top-left:0px;--awb-border-radius-top-right:0px;--awb-border-radius-bottom-right:0px;--awb-border-radius-bottom-left:0px;--awb-padding-top:20px;--awb-padding-bottom:20px;--awb-flex-wrap:wrap;\" ><div class=\"fusion-builder-row fusion-row\"><div class=\"fusion-layout-column fusion_builder_column fusion-builder-column-5 fusion_builder_column_1_1 1_1 fusion-one-full fusion-column-first fusion-column-last\" style=\"--awb-bg-size:cover;\" id=\"aeronautique\"><div class=\"fusion-column-wrapper fusion-flex-column-wrapper-legacy\"><div class=\"fusion-text fusion-text-6\"><h3><strong><u>A\u00e9ronautique <\/u><\/strong><\/h3>\n<p style=\"text-align: justify;\"><span style=\"color: #1e69b2;\">Depuis plus de 15 ans ARIAL INDUSTRIES accompagne les donneurs d\u2019ordre de l\u2019a\u00e9ronautique sur tous les projets majeurs des avionneurs et propose une offre globale de services.<br \/>\n<\/span><span style=\"color: #1e69b2;\">ARIAL Industries met \u00e0 disposition ses comp\u00e9tences et son support \u00e0 des soci\u00e9t\u00e9s de premier rang:<br \/>\n<\/span><span style=\"color: #1e69b2;\">Nous avons particip\u00e9 depuis 2001 \u00e0 de multiples programmes pour AIRBUS, AIRBUS Helicopters, DASSAULT, ATR, BOEING, BOMBARDIER, EMBRAER, SAFRAN LEAP et Silvercrest, AIRCELLE<br \/>\n<\/span><span style=\"color: #1e69b2;\">Nous avons acquis une expertise reconnue dans les m\u00e9tiers suivants:<\/span><\/p>\n<p><strong><u>Conception<\/u><\/strong><\/p>\n<ul>\n<li style=\"text-align: justify;\"><span style=\"color: #1e69b2;\">Conception primaire\/secondaire m\u00e9tallique et composite (CATIA V4\/V5\/V6, CADDS5, PDMLink, VPM,\u2026)<\/span><\/li>\n<li style=\"text-align: justify;\"><span style=\"color: #1e69b2;\">Installation \u00e9lectrique (CATIA V5 EHI\/EHA\/EHF, PDMLink, VPM, CATIA V4, CADDS 5)<\/span><\/li>\n<li style=\"text-align: justify;\"><span style=\"color: #1e69b2;\">Mise en plan, chaines de c\u00f4tes, tol\u00e9rancement g\u00e9om\u00e9trique.<\/span><\/li>\n<li style=\"text-align: justify;\"><span style=\"color: #1e69b2;\">Installation syst\u00e8mes (CATIA V5, CADDS5, PDMLink, VPM)<\/span><\/li>\n<li style=\"text-align: justify;\"><span style=\"color: #1e69b2;\">Sch\u00e9matique \u00e9lectrique (SEE XP, ELECTRE, AXIOM, CIRCE, SEE TOPO)<\/span><\/li>\n<li style=\"text-align: justify;\"><span style=\"color: #1e69b2;\">Conception d\u2019outillages (CATIA V5, SolidWorks, CREO)<\/span><\/li>\n<li style=\"text-align: justify;\"><span style=\"color: #1e69b2;\">Suivi de projets, PMO<\/span><\/li>\n<\/ul>\n<p><strong><u>Calculs:<\/u><\/strong><\/p>\n<ul>\n<li style=\"text-align: justify;\"><span style=\"color: #1e69b2;\">Calculs de structure primaire et secondaire<\/span><\/li>\n<li style=\"text-align: justify;\"><span style=\"color: #1e69b2;\">Calculs d\u2019ensemble moteur et d\u2019habillage moteur<\/span><\/li>\n<li style=\"text-align: justify;\"><span style=\"color: #1e69b2;\">Calculs d\u2019inverseurs de pouss\u00e9e<\/span><\/li>\n<li style=\"text-align: justify;\"><span style=\"color: #1e69b2;\">Calculs statiques \u00e9l\u00e9ments finis (Patran\/Nastran, ISAMI, Abaqus, Hypermesh, ANSYS Workbench, ANSA Optistruct, PSN, ASSYST, SAMCEF)<\/span><\/li>\n<li style=\"text-align: justify;\"><span style=\"color: #1e69b2;\">Calculs Vibratoires, r\u00e9ponse fr\u00e9quentielle (Sinus, Al\u00e9atoire\u2026) Patran \/ Nastran<\/span><\/li>\n<li style=\"text-align: justify;\"><span style=\"color: #1e69b2;\">Calculs dynamiques rapides (Radioss\/Pamcrash)<\/span><\/li>\n<li style=\"text-align: justify;\"><span style=\"color: #1e69b2;\">Calculs a\u00e9rodynamiques (Fluent, Ansys ICEM)<\/span><\/li>\n<li style=\"text-align: justify;\"><span style=\"color: #1e69b2;\">Calculs fatigue et Tol\u00e9rance au dommage (SAFE, ISAMI, NASGRO, PSN)<\/span><\/li>\n<\/ul>\n<p><strong><u>Electronique & Syst\u00e8mes embarqu\u00e9s<\/u><\/strong><\/p>\n<ul>\n<li style=\"text-align: justify;\"><span style=\"color: #1e69b2;\">Conception de syst\u00e8mes \/ Etudes de Faisabilit\u00e9<\/span><\/li>\n<li style=\"text-align: justify;\"><span style=\"color: #1e69b2;\">Validation, V\u00e9rification<\/span><\/li>\n<li style=\"text-align: justify;\"><span style=\"color: #1e69b2;\">Qualification et Certification Navigabilit\u00e9<\/span><\/li>\n<li style=\"text-align: justify;\"><span style=\"color: #1e69b2;\">D\u00e9veloppement logiciels (JAVA, C++, C, ADA, Matlab\/Simulink, C#, .NET, DOORS, SABRE, VISAGE, ATOLE)<\/span><\/li>\n<li style=\"text-align: justify;\"><span style=\"color: #1e69b2;\">Normes (DO178, ED153, DO278, ABD100, ABD200, DO160, GRESS, ARINC, AFDX\u2026)<\/span><\/li>\n<li style=\"text-align: justify;\"><span style=\"color: #1e69b2;\">Sp\u00e9cification et suivi de tests aux sols et tests en vol<\/span><\/li>\n<\/ul>\n<p><strong><u>M\u00e9thode \/ manufacturing Engineering<\/u><\/strong><\/p>\n<ul>\n<li style=\"text-align: justify;\"><span style=\"color: #1e69b2;\">Production, am\u00e9lioration continue, pr\u00e9paration-m\u00e9thode, qualit\u00e9,<\/span><\/li>\n<li style=\"text-align: justify;\"><span style=\"color: #1e69b2;\">Supply chain<\/span><\/li>\n<li style=\"text-align: justify;\"><span style=\"color: #1e69b2;\">Suivi FAL et mise au point. Am\u00e9lioration continue. Gestion des non conformit\u00e9s<\/span><\/li>\n<li style=\"text-align: justify;\"><span style=\"color: #1e69b2;\">Suivi des d\u00e9rogations<\/span><\/li>\n<li style=\"text-align: justify;\"><span style=\"color: #1e69b2;\">Suivi de projets<\/span><\/li>\n<li style=\"text-align: justify;\"><span style=\"color: #1e69b2;\">Conception et fabrication d\u2019outillages<\/span><\/li>\n<li style=\"text-align: justify;\"><span style=\"color: #1e69b2;\">Essais et suivi d\u2019essais<\/span><\/li>\n<li style=\"text-align: justify;\"><span style=\"color: #1e69b2;\">M\u00e9trologie et scan 3D<\/span><\/li>\n<\/ul>\n<p><strong><u>Documentation Technique<\/u><\/strong><\/p>\n<ul>\n<li style=\"text-align: justify;\"><span style=\"color: #1e69b2;\">Publications Techniques: manuels de maintenance, Illustrations<\/span><\/li>\n<li style=\"text-align: justify;\"><span style=\"color: #1e69b2;\">Documentation technique (SEE XP, Tech Illustrator, Isodraw)<\/span><\/li>\n<\/ul>\n<\/div><div class=\"fusion-image-carousel fusion-image-carousel-auto fusion-image-carousel-1 fusion-carousel-border img-caroussel\"><div class=\"awb-carousel awb-swiper awb-swiper-carousel awb-swiper-dots-position-bottom awb-carousel--carousel\" data-layout=\"carousel\" data-autoplay=\"yes\" data-autoplayspeed=\"2500\" data-autoplaypause=\"no\" data-columns=\"1\" data-columnsmedium=\"0\" data-columnssmall=\"0\" data-itemmargin=\"0\" data-itemwidth=\"180\" data-touchscroll=\"no\" data-freemode=\"no\" data-imagesize=\"auto\" data-scrollitems=\"0\" data-centeredslides=\"no\" data-rotationangle=\"50\" data-depth=\"100\" data-speed=\"500\" data-shadow=\"no\" style=\"--awb-columns:1;--awb-column-spacing:0px;--awb-border-width:1px;--awb-border-color:#e9eaee;\"><div class=\"swiper-wrapper awb-image-carousel-wrapper fusion-flex-align-items-center\"><div class=\"swiper-slide\"><div class=\"fusion-carousel-item-wrapper\"><div class=\"fusion-image-wrapper hover-type-none\"><img width=\"650\" height=\"433\" src=\"https:\/\/arial-industries.com\/wp-content\/uploads\/2015\/06\/aeronotique-e1494431481576.jpg\" class=\"attachment-full size-full\" alt=\"\" decoding=\"async\" \/><\/div><\/div><\/div><div class=\"swiper-slide\"><div class=\"fusion-carousel-item-wrapper\"><div class=\"fusion-image-wrapper hover-type-none\"><img width=\"650\" height=\"433\" src=\"https:\/\/arial-industries.com\/wp-content\/uploads\/2015\/06\/aeronotique-2-e1494431510223.jpg\" class=\"attachment-full size-full\" alt=\"\" decoding=\"async\" \/><\/div><\/div><\/div><\/div><div class=\"awb-swiper-button awb-swiper-button-prev\"><i class=\"awb-icon-angle-left\" aria-hidden=\"true\"><\/i><\/div><div class=\"awb-swiper-button awb-swiper-button-next\"><i class=\"awb-icon-angle-right\" aria-hidden=\"true\"><\/i><\/div><\/div><\/div><div class=\"fusion-clearfix\"><\/div><\/div><\/div><\/div><\/div><div class=\"fusion-fullwidth fullwidth-box fusion-builder-row-7 nonhundred-percent-fullwidth non-hundred-percent-height-scrolling\" style=\"--awb-border-radius-top-left:0px;--awb-border-radius-top-right:0px;--awb-border-radius-bottom-right:0px;--awb-border-radius-bottom-left:0px;--awb-padding-top:20px;--awb-padding-bottom:20px;--awb-flex-wrap:wrap;\" ><div class=\"fusion-builder-row fusion-row\"><div class=\"fusion-layout-column fusion_builder_column fusion-builder-column-6 fusion_builder_column_1_1 1_1 fusion-one-full fusion-column-first fusion-column-last\" style=\"--awb-bg-size:cover;\" id=\"spatial\"><div class=\"fusion-column-wrapper fusion-flex-column-wrapper-legacy\"><div class=\"fusion-text fusion-text-7\"><h3><strong><u>Spatial <\/u><\/strong><\/h3>\n<p style=\"text-align: justify;\"><span style=\"color: #1e69b2;\">ARIAL Industries a mis \u00e0 profit son expertise dans le domaine de l\u2019a\u00e9ronautique pour des projets dans le domaine spatial.<\/span><br \/>\n<span style=\"color: #1e69b2;\">Nous avons en particulier effectu\u00e9 des \u00e9tudes d\u2019installation de MLI Et de la conception de harnais \u00e9lectriques et m\u00e9canismes pour des satellites :<\/span><\/p>\n<ul style=\"text-align: justify;\">\n<li><span style=\"color: #1e69b2;\">Conception 3D Catia des MLI et m\u00e9canismes de d\u00e9ploiement de panneaux<\/span><\/li>\n<li><span style=\"color: #1e69b2;\">Outillages sp\u00e9cifiques (assemblage, manutention)<\/span><\/li>\n<li><span style=\"color: #1e69b2;\">R\u00e9alisation des programmes de d\u00e9coupe<\/span><\/li>\n<li><span style=\"color: #1e69b2;\">Assemblage des MLI<\/span><\/li>\n<li><span style=\"color: #1e69b2;\">Routage de harnais \u00e9lectriques sous CATIA<\/span><\/li>\n<li><span style=\"color: #1e69b2;\">Conception 3D de Harnais \u00e9lectriques<\/span><\/li>\n<li><span style=\"color: #1e69b2;\">Cr\u00e9ation des liasses de plans<\/span><\/li>\n<li><span style=\"color: #1e69b2;\">Pr\u00e9paration et tests des c\u00e2bles et connecteurs<\/span><\/li>\n<\/ul>\n<p style=\"text-align: justify;\"><span style=\"color: #1e69b2;\">Notre offre couvre \u00e9galement des prestations compl\u00e8tes \u00ab clef en main \u00bb de conception et r\u00e9alisation d\u2019outillages (essais-mise en service).<\/span><\/p>\n<\/div><div class=\"fusion-image-element fusion-image-align-center in-legacy-container\" style=\"text-align:center;--awb-caption-title-font-family:var(--h2_typography-font-family);--awb-caption-title-font-weight:var(--h2_typography-font-weight);--awb-caption-title-font-style:var(--h2_typography-font-style);--awb-caption-title-size:var(--h2_typography-font-size);--awb-caption-title-transform:var(--h2_typography-text-transform);--awb-caption-title-line-height:var(--h2_typography-line-height);--awb-caption-title-letter-spacing:var(--h2_typography-letter-spacing);\"><div class=\"imageframe-align-center\"><span class=\" fusion-imageframe imageframe-none imageframe-2 hover-type-none\"><img decoding=\"async\" width=\"650\" height=\"529\" title=\"Launch of the carrier rocket. 3d image.\" src=\"http:\/\/arial-industries.com\/wp-content\/uploads\/2015\/07\/fusee-e1494431538925.jpg\" alt class=\"img-responsive wp-image-1146\"\/><\/span><\/div><\/div><div class=\"fusion-clearfix\"><\/div><\/div><\/div><\/div><\/div><div class=\"fusion-fullwidth fullwidth-box fusion-builder-row-8 nonhundred-percent-fullwidth non-hundred-percent-height-scrolling\" style=\"--awb-border-radius-top-left:0px;--awb-border-radius-top-right:0px;--awb-border-radius-bottom-right:0px;--awb-border-radius-bottom-left:0px;--awb-padding-top:20px;--awb-padding-bottom:20px;--awb-flex-wrap:wrap;\" ><div class=\"fusion-builder-row fusion-row\"><div class=\"fusion-layout-column fusion_builder_column fusion-builder-column-7 fusion_builder_column_1_1 1_1 fusion-one-full fusion-column-first fusion-column-last\" style=\"--awb-bg-size:cover;\" id=\"transport\"><div class=\"fusion-column-wrapper fusion-flex-column-wrapper-legacy\"><div class=\"fusion-text fusion-text-8\"><h3><strong><u>Transports <\/u><\/strong><\/h3>\n<p style=\"text-align: justify;\"><span style=\"color: #1e69b2;\">ARIAL Industries propose des prestations d\u2019ing\u00e9nierie d\u00e9di\u00e9es au transport dans les m\u00e9tiers de :<\/span><\/p>\n<ul style=\"text-align: justify;\">\n<li><span style=\"color: #1e69b2;\">La Conception m\u00e9canique<\/span><\/li>\n<li><span style=\"color: #1e69b2;\">L\u2019Installation \u00e9lectrique<\/span><\/li>\n<li><span style=\"color: #1e69b2;\">Le Calcul<\/span><\/li>\n<li><span style=\"color: #1e69b2;\">Les logiciels embarqu\u00e9s<\/span><\/li>\n<li><span style=\"color: #1e69b2;\">Les tests<\/span><\/li>\n<\/ul>\n<p style=\"text-align: justify;\"><span style=\"color: #1e69b2;\">ARIAL intervient aupr\u00e8s des principaux acteurs du march\u00e9 sur l\u2019ensemble des services Ing\u00e9nierie.<\/span><\/p>\n<p style=\"text-align: justify;\"><span style=\"color: #1e69b2;\">Exemples de r\u00e9alisations pour le secteur Ferroviaire, Automobile<\/span><\/p>\n<ul>\n<li style=\"text-align: justify;\"><span style=\"color: #1e69b2;\">Conception de bancs d\u2019essais, Automatisation et contr\u00f4le commande<\/span><\/li>\n<li style=\"text-align: justify;\"><span style=\"color: #1e69b2;\">Conception et Calculs sur des Bogies<\/span><\/li>\n<li style=\"text-align: justify;\"><span style=\"color: #1e69b2;\">Installation Electrique pour les tramways Alstom et pour Renault, incluant la sch\u00e9matique<\/span><\/li>\n<li style=\"text-align: justify;\"><span style=\"color: #1e69b2;\">Etudes et calculs d\u2019optimisation Moteur<\/span><\/li>\n<li style=\"text-align: justify;\"><span style=\"color: #1e69b2;\">Conception et \u00e9tudes d\u00e9taill\u00e9es de m\u00e9canismes de fauteuils FAURECIA<\/span><\/li>\n<li style=\"text-align: justify;\"><span style=\"color: #1e69b2;\">Proc\u00e9d\u00e9s d\u2019injections plastiques et matelassure<\/span><\/li>\n<li style=\"text-align: justify;\"><span style=\"color: #1e69b2;\">Outillage de manutention et maintenance<\/span><\/li>\n<\/ul>\n<p style=\"text-align: justify;\"><span style=\"color: #1e69b2;\">ARIAL investit dans l\u2019innovation<\/span><\/p>\n<p style=\"text-align: justify;\"><span style=\"color: #1e69b2;\">D\u00e9p\u00f4t d\u2019enveloppe SOLEAU sur un dispositif de d\u00e9tection de collision.<\/span><\/p>\n<\/div><div class=\"fusion-image-element fusion-image-align-center in-legacy-container\" style=\"text-align:center;--awb-caption-title-font-family:var(--h2_typography-font-family);--awb-caption-title-font-weight:var(--h2_typography-font-weight);--awb-caption-title-font-style:var(--h2_typography-font-style);--awb-caption-title-size:var(--h2_typography-font-size);--awb-caption-title-transform:var(--h2_typography-text-transform);--awb-caption-title-line-height:var(--h2_typography-line-height);--awb-caption-title-letter-spacing:var(--h2_typography-letter-spacing);\"><div class=\"imageframe-align-center\"><span class=\" fusion-imageframe imageframe-none imageframe-3 hover-type-none\"><img decoding=\"async\" width=\"650\" height=\"406\" title=\"Sens, France &#8211; 15 September: A french high speed train passing through a field.\" src=\"http:\/\/arial-industries.com\/wp-content\/uploads\/2015\/06\/transport-e1494431558370.jpg\" alt class=\"img-responsive wp-image-1140\"\/><\/span><\/div><\/div><div class=\"fusion-clearfix\"><\/div><\/div><\/div><\/div><\/div><\/p>\n","protected":false},"excerpt":{"rendered":"","protected":false},"author":1,"featured_media":0,"parent":0,"menu_order":0,"comment_status":"closed","ping_status":"open","template":"100-width.php","meta":[],"_links":{"self":[{"href":"https:\/\/arial-industries.com\/index.php\/wp-json\/wp\/v2\/pages\/11"}],"collection":[{"href":"https:\/\/arial-industries.com\/index.php\/wp-json\/wp\/v2\/pages"}],"about":[{"href":"https:\/\/arial-industries.com\/index.php\/wp-json\/wp\/v2\/types\/page"}],"author":[{"embeddable":true,"href":"https:\/\/arial-industries.com\/index.php\/wp-json\/wp\/v2\/users\/1"}],"replies":[{"embeddable":true,"href":"https:\/\/arial-industries.com\/index.php\/wp-json\/wp\/v2\/comments?post=11"}],"version-history":[{"count":33,"href":"https:\/\/arial-industries.com\/index.php\/wp-json\/wp\/v2\/pages\/11\/revisions"}],"predecessor-version":[{"id":1507,"href":"https:\/\/arial-industries.com\/index.php\/wp-json\/wp\/v2\/pages\/11\/revisions\/1507"}],"wp:attachment":[{"href":"https:\/\/arial-industries.com\/index.php\/wp-json\/wp\/v2\/media?parent=11"}],"curies":[{"name":"wp","href":"https:\/\/api.w.org\/{rel}","templated":true}]}}